2*n**2 - 3*n - 2. Calculate v(-2).
-12
Let g(c) = c - 25. Determine g(18).
-7
Let c(y) = -13*y**2 + 13*y + 1. Give c(1).
1
Let d(n) = -3*n + 9. Give d(-4).
21
Let w(o) = -o**3 + 4*o**2 + 7*o - 6. What is w(5)?
4
Let b(k) = -k**3 + 3*k**2 + 14*k - 20. Give b(4).
20
Let a(q) = -2*q**3 - 26*q**2 + 3*q + 13. What is a(-13)?
-26
Let k(n) = -72*n**3 + 3*n**2 - 5*n + 3. Give k(1).
-71
Let x(o) = 2*o + 5. Give x(-5).
-5
Let q(x) = -x**2 + 15*x + 32. Give q(18).
-22
Let m(q) = -14*q - 516. Determine m(-37).
2
Let y(q) = -3*q**2 - 35*q + 125. Give y(3).
-7
Let k(l) = l**3 - 9*l**2 - l + 15. What is k(9)?
6
Let x(t) = t**2 + 18*t + 8. Calculate x(0).
8
Let q(a) = a**3 - a**2 - 3*a + 2. Determine q(-2).
-4
Let h(s) = s + 3. What is h(-8)?
-5
Let g(r) = 15*r + 27. Calculate g(-2).
-3
Let a(o) = -o**2 - 91*o + 277. Determine a(3).
-5
Let h(w) = -w**3 - 2*w**2 - w - 1. Give h(-2).
1
Let h(n) = -n**3 - 10*n**2 + 9*n - 25. Calculate h(-11).
-3
Let n(j) = 2*j + 7. Determine n(7).
21
Let m(o) = o**2 - 2*o + 1. Determine m(0).
1
Let n(u) = -11*u + 55. Give n(5).
0
Let v(w) = w**2 - w - 7. Calculate v(-7).
49
Let b(n) = n**3 - 19*n**2 + 19*n - 35. Calculate b(18).
-17
Let q(v) = -2*v + 38. What is q(8)?
22
Let p(z) = -2*z**2 + z - 2. Determine p(-3).
-23
Let z(i) = 2*i**2 - 3*i - 2. Determine z(-6).
88
Let y(d) = d - 34. What is y(6)?
-28
Let w(j) = 3*j**2 - 9*j + 2. Give w(3).
2
Let f(w) = w**3 - 12*w**2 + 10*w - 5. Determine f(11).
-16
Let z(q) = -q**3 + 30*q**2 + 31*q + 11. What is z(31)?
11
Let o(b) = b**2 - 18. Determine o(0).
-18
Let u(i) = -7*i + 74. What is u(6)?
32
Let u(p) = -5*p + 59. Calculate u(12).
-1
Let y(v) = v - 8. What is y(-2)?
-10
Let q(s) = 20*s + 2. Determine q(1).
22
Let k(q) = -69*q**2 + 2*q + 3. Give k(-1).
-68
Let k(u) = 7*u. What is k(2)?
14
Let j(u) = u**3 - 18*u**2 + 19*u - 7. Determine j(17).
27
Let y(f) = f**2 + 10. What is y(0)?
10
Let s(u) = 18*u**2 + 2*u - 2. What is s(1)?
18
Let f(r) = 5*r - 89. Calculate f(18).
1
Let z(p) = 9*p**3 + 2*p**2 - 2*p + 1. Calculate z(1).
10
Let a(f) = 2*f**3 - 7*f**2 - 3*f - 7. Determine a(4).
-3
Let w(k) = 4*k**2 - 4*k - 2. Calculate w(2).
6
Let j(y) = -19*y - 25. Calculate j(2).
-63
Let u(o) = 3*o + 2. Determine u(2).
8
Let c(p) = 3*p - 16. Calculate c(6).
2
Let p(d) = 2*d**3 - 4*d**2 + 5*d - 5. Give p(2).
5
Let a(x) = -8*x - 242. Give a(-30).
-2
Let y(c) = 5*c - 13. Give y(6).
17
Let h(q) = q**3 - 4*q**2 - 10*q + 1. What is h(7)?
78
Let a(u) = 160*u**2 - 5*u - 4. What is a(-1)?
161
Let o(v) = v**2 + v - 24. Calculate o(0).
-24
Let h(w) = -w**2 + 3*w + 1. Give h(7).
-27
Let i(p) = -5*p**2 + 7*p + 16. Give i(-4).
-92
Let n(i) = -7*i - 101. Calculate n(-16).
11
Let x(p) = p**3 + 9*p**2 - 2*p - 13. What is x(-9)?
5
Let g(x) = -x**2 + 12*x + 23. What is g(16)?
-41
Let w(b) = 21*b - 57. Give w(3).
6
Let u(j) = j**2 - 2*j - 27. What is u(-4)?
-3
Let i(w) = 8*w + 243. Give i(-31).
-5
Let o(x) = -2*x**3 + 11*x**2 + 8*x - 12. Calculate o(6).
0
Let j(k) = -k**2 - 4. Give j(0).
-4
Let s(q) = -25*q + 1105. Give s(44).
5
Let k(a) = a**2 - 3*a + 12. Determine k(0).
12
Let p(h) = h**2 - 21*h - 55. Calculate p(24).
17
Let u(g) = 9*g - 1. Determine u(5).
44
Let k(g) = g**2 - 7*g + 6. Determine k(8).
14
Let z(c) = -2*c**2 - 8*c - 20. What is z(-5)?
-30
Let m(s) = -2*s**2 + 43*s - 68. Give m(20).
-8
Let a(w) = -13*w + 4. What is a(-1)?
17
Let y(u) = 5*u - 15. What is y(4)?
5
Let o(d) = 12*d**2 + 172*d - 121. Calculate o(-15).
-1
Let w(t) = t**2 + 65*t - 341. What is w(-70)?
9
Let j(y) = -11*y - 12. Give j(-6).
54
Let h(n) = -n**3 - 12*n**2 - 41*n - 72. Calculate h(-8).
0
Let i(l) = l + 20. Give i(-19).
1
Let h(v) = -53*v - 39. Determine h(-4).
173
Let n(u) = -62*u. Determine n(1).
-62
Let u(t) = t**2 + 3*t - 2. What is u(2)?
8
Let w(f) = -f**3 + 3*f**2 + 5*f + 10. Determine w(5).
-15
Let q(a) = -90*a - 263. Determine q(-3).
7
Let t(o) = -2*o**2 - 5*o. Calculate t(-4).
-12
Let y(x) = -x**2 + 15*x + 138. What is y(-6)?
12
Let w(k) = -k**2 - 6*k + 7. Calculate w(-6).
7
Let g(y) = -y**3 + y**2 + 8*y - 4. What is g(0)?
-4
Let r(o) = o**2 + 11*o - 3. Give r(-9).
-21
Let g(a) = a**2 + 16*a - 132. Calculate g(-21).
-27
Let j(y) = 17*y**2 - 3*y - 1. What is j(-2)?
73
Let i(p) = p**3 - 27*p**2 - 33. Give i(27).
-33
Let l(x) = -x**2 + 9*x + 25. What is l(12)?
-11
Let i(o) = -o**2 + 8*o + 1. Give i(8).
1
Let v(r) = -2*r**3 - 6*r - 19. What is v(-2)?
9
Let x(k) = -k - 6. Calculate x(-2).
-4
Let v(a) = -a**3 - a**2 - a + 4. What is v(0)?
4
Let r(g) = g**3 + 18*g**2 + 16*g - 2. Give r(-17).
15
Let a(m) = 22*m**3 + m**2 + 1. Determine a(-2).
-171
Let j(m) = -m**2 - 14*m + 12. What is j(-15)?
-3
Let v(n) = n**3 + 13*n**2 + 16*n + 41. Calculate v(-12).
-7
Let u(n) = -3*n**3 + 5*n**2 - 5*n + 4. What is u(3)?
-47
Let w(k) = -7*k + 25. Calculate w(6).
-17
Let c(q) = q + 12. Calculate c(-17).
-5
Let i(t) = 14*t - 3. Determine i(5).
67
Let f(b) = -b**2 - 3*b + 6. Determine f(-4).
2
Let k(o) = 31*o + 90. Give k(-3).
-3
Let h(y) = 7*y + 12. Determine h(-9).
-51
Let t(j) = -j + 41. What is t(42)?
-1
Let u(j) = j**3 + 4*j - 52. What is u(4)?
28
Let q(t) = 7*t**2 + 7*t + 6. Give q(-5).
146
Let g(u) = -9*u - 37. Give g(-4).
-1
Let z(c) = c**2 + 3*c - 21. Calculate z(5).
19
Let b(a) = -a**3 + 18*a**2 + 20*a - 21. What is b(19)?
-2
Let p(f) = 19*f**3 + 2*f**2 - 2*f + 2. Give p(-2).
-138
Let f(x) = 7*x + 58. Calculate f(-9).
-5
Let n(w) = w - 13. Calculate n(6).
-7
Let m(x) = 26*x - 88. Calculate m(4).
16
Let v(k) = -k**3 + 5*k**2 + 15*k + 4. Calculate v(7).
11
Let v(l) = 19*l - 1045. Determine v(55).
0
Let h(u) = 19*u**3 + u**2 - 4*u + 3. Calculate h(1).
19
Let g(a) = a**2 - 10*a - 9. Calculate g(11).
2
Let m(n) = -n**3 + 17*n**2 - 15*n - 10. Give m(16).
6
Let l(m) = m - 10. Calculate l(16).
6
Let n(b) = -3*b - 13. Calculate n(-4).
-1
Let m(j) = j**2 + 21*j + 19. What is m(-12)?
-89
Let m(u) = 2*u**2 + 8*u + 1. What is m(-6)?
25
Let s(d) = d**2 + 6*d + 1. What is s(-7)?
8
Let x(y) = 5*y + 21. Give x(-6).
-9
Let w(d) = 2*d**3 + 11*d**2 - 2*d + 8. Give w(-5).
43
Let f(v) = 22*v - 38. Give f(2).
6
Let x(g) = 3*g**3 - 2*g**2 - g + 1. What is x(-1)?
-3
Let q(h) = -h**2 + 9*h - 5. Determine q(8).
3
Let i(z) = -z**2 - 10*z + 3. Determine i(-8).
19
Let b(t) = -t**3 + 4*t**2 + 2*t + 24. Give b(6).
-36
Let o(g) = -4*g**2 + 46*g - 23. Give o(11).
-1
Let h(c) = 7*c - 333. Give h(48).
3
Let n(h) = 2*h**2 - 15*h + 10. Calculate n(11).
87
Let r(o) = o**2 + 18*o + 12. What is r(-17)?
-5
Let d(i) = -i**3 - 10*i**2 + 9. What is d(-9)?
-72
Let j(m) = -m**3 + 17*m**2 + 8*m + 177. What is j(18)?
-3
Let z(n) = n**2 + 4. Determine z(0).
4
Let u(r) = -r**2 - 12*r - 11. Give u(-12).
-11
Let r(v) = 34*v + 13. Calculate r(0).
13
Let o(w) = -11*w - 74. Give o(-7).
3
Let f(a) = -a**3 + 3*a**2 + 7*a - 2. Calculate f(5).
-17
Let g(o) = o**3 + 6*o**2 + 21*o + 37. Calculate g(-2).
11
Let s(l) = -9*l**3 - l**2 + 3*l - 2. Determine s(1).
-9
Let f(q) = q**2 + 13*q + 37. Determine f(-7).
-5
Let m(g) = g**2 - 8*g + 4. What is m(5)?
-11
Let y(a) = a**3 + 27*a**2 - 30*a - 45. What is y(-28)?
11
Let w(s) = 2*s**2 - 30*s - 3. What is w(16)?
29
Let l(k) = -k**3 - k - 1. Determine l(-1).
1
Let j(m) = m - 4. Give j(13).
9
Let m(y) = y - 5. Determine m(-8).
-13
Let z(x) = x**2 + 4*x - 18. Give z(-8).
14
Let o(b) = b**2 + 2*b - 5. What is o(0)?
-5
Let h(g) = -10*g - 8. Determine h(4).
-48
Let x(u) = -6*u - 17. Calculate x(-4).
7
Let u(k) = k**3 - 3*k**2 + 3*k - 76. Calculate u(0).
-76
Let v(d) = d**3 - 8*d**2 + 2*d + 52. Determine v(7).
17
Let j(z) = -z**2 + 3*z - 6. Give j(4).
-10
Let k(l) = -l**3 + 7*l**2 - 7*l + 10. Determine k(6).
4
Let x(j) = -j**2 + 7*j - 6. Calculate x(5).
4
Let l(g) = -40*g**3 + 4*g - 4. What is l(1)?
-40
Let y(i) = 21*i - 226. What is y(11)?
5
Let j(a) = a**2 + 4*a + 77. What is j(0)?
77
Let z(s) = -s**2 + 7*s + 4. What is z(6)?
10
Let z(r) = 22*r - 4. Determine z(2).
40
Let s(r) = -62*r + 119. Determine s(2).
-5
Let u(a) = -a**3 + 36*a**2 + 38*a - 27. Determine u(37).
10
Let f(o) = -o**3 - 18*o**2 - 19*o + 18. Calculate f(-17).
52
Let a(x) = 8*x + 347. Calculate a(-44).
-5
Let p(i) = 4*i + 13. Calculate p(-3).
1
Let n(k) = 3*k + 7. Calculate n(-5).
-8
Let s(j) = -4*j + 24. Determine s(7).
-4
Let n(p) = p**2 - 44*p + 121. Give n(3).
-2
Let b(z) = -z**3 - 8*z**2 